+ 2. What are the prime factors of c(1)?
2, 83
Let s = 4 + 0. Suppose 5*h + 39 = -3*c - 8, 0 = 3*h - s*c + 34. List the prime factors of 24/10 + 4/h.
2
Let y(i) be the third derivative of -i**4/24 - i**3/3 + 3*i**2. Let s be y(5). Let u = 10 + s. List the prime factors of u.
3
Suppose 26 = -5*m - c, 4*c = 2*m + 2*m + 40. List the prime factors of (2/3)/(m/(-279)).
31
Suppose 0 = -5*i + 3*t + 186, 5*t - 15 = i - 61. What are the prime factors of i?
2, 3
Suppose -2*b + 3*b = 0. Let n = b - -3. Suppose u - 2*u + 5*t = -n, u - 3*t = 5. List the prime factors of u.
2
Let y(w) = -w**2 - 11*w - 10. List the prime factors of y(-8).
2, 7
Suppose -4*f - 2*c - 38 = 0, 0*f - 3*c = 3*f + 36. Let k = 25 + f. List the prime factors of k.
2, 3
Let l(v) = 2*v - 8. Let p(q) = 3*q - 6. Let k be p(4). List the prime factors of l(k).
2
Let p be (2 + (-4)/(-6))*-6. Let g = p - -7. Let h(q) = q**3 + 8*q**2 - 10*q. What are the prime factors of h(g)?
3
Suppose -5*b + 3 = -97. Let q(x) = -x**2 - x + 2. Let k be q(4). List the prime factors of k/(-5)*b/6.
2, 3
Suppose -16 = -0*j - j. List the prime factors of j.
2
Suppose -3*u = 5*u - 664. What are the prime factors of u?
83
Let q = 0 - -8. List the prime factors of q.
2
Suppose 2*m + 1092 = -5*w, 4*w - 101 = -3*m - 969. Let t be (-2)/7 - w/(-14). Let g = t - -24. List the prime factors of g.
2
Suppose 0 = -u - 4*v - 4, 0 = 2*v - 0 + 2. Let w be (2 - u)*-1*-1. List the prime factors of (-2*1 - -24)/w.
11
Let z = 6 - -6. Let j = z + 29. List the prime factors of j.
41
Let k(p) = -2*p + 4. Let b(t) = -t + 2. Let n(x) = -5*b(x) + 3*k(x). Let h be n(0). Suppose 5*y - h*g = 3*g + 30, -3*y = g - 2. List the prime factors of y.
2
Suppose 0 = 4*v - 3*v - 60. What are the prime factors of v?
2, 3, 5
Suppose -3*o + 4 = h - 11, -o + 5 = 2*h. Suppose 0*r + 140 = o*r. Suppose r = 4*f - 8. List the prime factors of f.
3
Suppose n + 2*n - d - 161 = 0, 0 = 5*n - 3*d - 271. List the prime factors of n.
53
Let r(j) = j - 2. Let v be r(4). Suppose 2*i - 28 = -4*z, -3*z + v*z - 63 = -3*i. List the prime factors of i.
2, 5
Let a(i) = -71*i + 2. What are the prime factors of a(-2)?
2, 3
Let s = 30 + -65. Let x = s + 53. List the prime factors of x.
2, 3
Let s(g) = 2*g**2 - 4*g + 4. What are the prime factors of s(6)?
2, 13
Suppose -w = -4*k + 2*w + 32, 30 = 2*k - 5*w. Suppose 0 = -4*c + g + 109, -5*c + 2*g + 115 = k*g. List the prime factors of c.
2, 13
Suppose -p - 66 = -4*p. Suppose 0 = 3*n - z - p, n + 34 = 2*n + 5*z. List the prime factors of n.
3
Let r(t) = 2*t**2 + 5*t - 10. What are the prime factors of r(-5)?
3, 5
Let s be (48/28)/(1/7). List the prime factors of (-14)/(-3) - s/18.
2
List the prime factors of 1516/28 - 4/28.
2, 3
Let q be (51/4)/((-2)/8). Let n be (10/15)/(2/q). Let r = n + 24. List the prime factors of r.
7
Let x = 119 - 41. List the prime factors of x.
2, 3, 13
Let c(l) = 249*l**3 + l**2 + l - 1. List the prime factors of c(1).
2, 5
Let a(j) = 38*j - 12. Let p be a(9). Suppose p = 5*w + 30. List the prime factors of (w/16)/(6/16).
2, 5
Suppose x - 5*p = 5, -3 = -x + p + 2. Let a be 0 - -1*4*2. Let c = a - x. What are the prime factors of c?
3
Let j(f) = 2*f. Suppose 4*v - 1 = 7. Let m be j(v). Suppose -m*y + 0*d = -3*d - 55, 5*d + 15 = -y. What are the prime factors of y?
2, 5
Let n(w) = -2*w + 2. Let j = 34 - 23. Let g = j - 16. What are the prime factors of n(g)?
2, 3
Let b(v) = v**2 + 4*v + 5. Let k be b(-4). Suppose 0 = -4*i + 4, -k*w - 3*i + 22 = -i. What are the prime factors of w?
2
Let r(d) = -6*d**2 + d. Let v be r(-1). Suppose -3*y + 61 = -2*c, -y - 76 = -4*y + 5*c. Let l = v + y. List the prime factors of l.
2, 5
Let c(d) = 0 + 5*d**2 - d**3 - 3*d + 0. Let g be c(4). Let k(o) = -o**3 + 6*o**2 - 5*o - 2. What are the prime factors of k(g)?
2, 5
Suppose y + k + 11 = 5*y, -4*k = -3*y + 18. Suppose 4*z + 3*r = 63, -y*z - 3*r + 42 = -5*r. What are the prime factors of z?
2, 3
Let c(s) = -2*s - 2. Let h(r) = -2*r - 2. Let l(b) = 3*c(b) - 4*h(b). List the prime factors of l(3).
2
Let n = 31 - 25. Suppose -2 = -n*b + 94. What are the prime factors of b?
2
Suppose -175 = -2*c + 5*k, -9 = -k + 4*k. List the prime factors of c.
2, 5
Let a(h) = -h**3 + 12*h**2 - 2*h - 9. Let f be a(12). Let g = f - -57. What are the prime factors of g?
2, 3
List the prime factors of 327/6 - (-6)/4.
2, 7
Let z = 29 - -2. Let n = z + -7. List the prime factors of n.
2, 3
Suppose 3*g = 27 + 27. Suppose 5*b - 9 = -4*t, -2*b + 4*t - 2*t + g = 0. What are the prime factors of b?
5
Let r(i) = -2*i + 3*i - 2*i. Let y be r(-3). List the prime factors of 9/(-3) - -3*y.
2, 3
Let y(k) = -k - 13 + 1 + 1 - 2*k. List the prime factors of y(-11).
2, 11
Let s(u) = 107*u + 4. What are the prime factors of s(1)?
3, 37
Let h(z) = 2*z**2 + 4*z - 4. Let p be h(4). Suppose -45 = -3*t + n + 36, 2*t - 4*n = p. Let x = -16 + t. List the prime factors of x.
2, 3
Let m(h) = 2*h**2 - 2*h + 1. Let r be m(1). Let l be r*2/(4/42). Let j = l + -12. List the prime factors of j.
3
Let g = -82 - -142. List the prime factors of g.
2, 3, 5
Let o be 10/45 - 86/(-18). Let x be o*((-8)/5 + 0). Let m = 5 - x. List the prime factors of m.
13
Suppose t = -8*o + 3*o + 32, -4*o = -4*t - 40. What are the prime factors of o?
7
Let q(p) = 3*p - 6. Let f be q(4). Suppose -2*v + f = -60. List the prime factors of v.
3, 11
Let t = -264 + 509. What are the prime factors of t?
5, 7
Let s = -37 + 61. What are the prime factors of s?
2, 3
Let n = -4 + 7. Suppose -p = -5, -n*h + 5*h - 3*p = -21. Let k = h + 6. What are the prime factors of k?
3
Let m(z) = 52*z**3 - z**2 - z + 1. Let h = -5 + 6. List the prime factors of m(h).
3, 17
Let w(x) be the second derivative of x**3/6 - x**2/2 - 7*x. What are the prime factors of w(6)?
5
Suppose -3*m - 18 - 16 = -v, 2*m = 5*v - 1. Let l be (38/(-6))/(3/(-9)). Let t = m + l. List the prime factors of t.
2, 3
Let i(v) = v**3 - v**2 - 3*v - 4. Let m(o) = -o**3 - 8*o**2 - 7*o + 3. Let y be m(-7). Let s be y - (3/(-3) + 1). What are the prime factors of i(s)?
5
Let t(x) = 4 - 3*x + x**3 - x - 4 + 8*x**2. What are the prime factors of t(-8)?
2
Let a(z) be the third derivative of 3*z**2 + 0 + 1/12*z**4 + 1/6*z**3 + 0*z. What are the prime factors of a(3)?
7
Suppose 0*k + 80 = 4*k. What are the prime factors of k?
2, 5
Let t(j) be the second derivative of -j**6/20 - j**4/12 - j**3/6 + j**2 + j. Let v(g) be the first derivative of t(g). What are the prime factors of v(-1)?
7
Suppose -3*t = -2*h + 3*h - 68, 2*t - 4*h - 22 = 0. What are the prime factors of t?
3, 7
Let a = 22 - 16. Suppose -z = -0 + a. Let h = z - -8. What are the prime factors of h?
2
Suppose -5*z = -5, -g - 5*z - 839 = -5*g. List the prime factors of g.
211
Suppose -c + 75 = -59. Let j(u) = u**2 + 10*u - 6. Let s be j(-11). What are the prime factors of c/10 - 2/s?
13
Suppose 29 = -3*n - 10. Let j be 2/(-6) - n/3. List the prime factors of 1/(-2) - (-42)/j.
2, 5
Let i = -334 + 542. What are the prime factors of i?
2, 13
Let r(a) = 2*a**2 - 2. Let i be r(2). Suppose 3 = -o + i. List the prime factors of o.
3
Suppose 2*v = -2*y + 3*y + 143, -2*y = 5*v - 344. What are the prime factors of v?
2, 5, 7
List the prime factors of 9/(-6)*(-78)/9.
13
Suppose -3*b = -2*l + 4*l - 202, -5*b = -4*l - 322. List the prime factors of b.
2, 3, 11
Suppose -9*y + 1080 - 216 = 0. List the prime factors of y.
2, 3
Suppose -3*a - 2*w - w = 0, a - 4*w + 10 = 0. List the prime factors of -2 + 11/1 + a.
7
Let i = 74 + -26. List the prime factors of i.
2, 3
Suppose 4*j + 0 = 4, -5*k - 4*j + 44 = 0. Suppose -16 = -k*y + 4*y. What are the prime factors of y?
2
Let i be (0 - 1)/(4/(-16)). Let o = 97 + -64. Suppose -n + i*n - o = 0. List the prime factors of n.
11
Let a(q) = 8*q. Let o be a(2). Suppose -5*s + 19 = -o. What are the prime factors of s?
7
Suppose 3*q - 1 = -7. List the prime factors of -2 + (-1)/(q/56).
2, 13
Suppose 3*d = -4*a + 5*a - 5, 4*a - 2*d = 70. Suppose -2*r - 2*i = -a, -4 = 3*i - 1. List the prime factors of r.
11
Let x be (114/(-2))/3*-1. Let p = x - 13. Let y(t) = -t**2 + 9*t - 8. List the prime factors of y(p).
2, 5
Let q(p) = -p + 8. Let i be q(6). Suppose 5*j - 25 = 4*n, -5*j = -i*n - 13 - 2. Suppose l - 15 = -j. List the prime factors of l.
2, 7
Let s(n) = n**3 + 3*n - 4*n + 10*n**2 - 